f u and i.
3
Suppose 3*t = -2*t + 10. Let f(i) = 5*i**2 - 4*i + 3. Let m be f(t). What is the greatest common divisor of m and 165?
15
Let k(t) = -t**2 + 10*t - 7. Let j be k(6). What is the highest common factor of j and 136?
17
Let y = -10 + 9. Let s be y + 0/(-1) - -8. Calculate the highest common factor of s and 21.
7
Suppose -7*y = -3*y - 24. Suppose -2*z = f + 8, 2*f - 9 = 2*z + 5. What is the greatest common factor of f and y?
2
Let q be (-6)/2 - (3 + -11). Let p be q/((-20)/(-192))*1. What is the greatest common factor of 8 and p?
8
Let a be (-8)/(6 - 2) - -12. Let w be 1/3 - 352/(-6). Suppose -3*s - 4*d + w = 0, -s + 2*d + 133 = 4*s. Calculate the highest common factor of a and s.
5
Suppose -6*g + 50 = -g. Suppose -h = h - g. What is the highest common factor of h and 5?
5
Let t(m) = m**2 + 2*m - 3. Let l be t(-6). Suppose y = h + l, 3*y = -h - h + 53. Calculate the highest common divisor of y and 152.
19
Let w(j) = -j**2 - 4*j - 2. Let d(v) = v**3 + 20*v**2 - 3 - 4*v - 20*v**2. Let n be d(-2). Let z be w(n). Calculate the highest common factor of z and 8.
1
Suppose 71 = 4*x - p, -3*p - p = -4*x + 68. Let u be 2 + (-2 + 3)/1. Let z be 3 - 2*u/6. What is the highest common factor of x and z?
2
Suppose c = -2*r + 104, 0*r - 304 = -3*c - 2*r. What is the greatest common factor of 25 and c?
25
Let g = 8 + -11. Let r be (-10)/(-1 - 1/g). Suppose 0*k = -3*k + 30. What is the highest common factor of k and r?
5
Let w = 9 - 5. Suppose -w*m - 6 = -2*a, 0*a - 3*a + 64 = 5*m. Calculate the greatest common divisor of a and 26.
13
Suppose -5*j + 6*j = 105. What is the greatest common divisor of 15 and j?
15
Let i = 6 + -3. Suppose w = -2*a + 2, i*a + w = -3*w + 8. Let q be (4 + 2)*(2 - a). What is the highest common factor of 6 and q?
6
Let h(g) = g**3 + 7*g**2 - 8*g + 2. Let s be h(-8). Let q = s + 8. Suppose 5*a + 160 = 410. What is the greatest common divisor of a and q?
10
Let c = -1 + 3. Suppose c*o + 3*b = 33 - 3, -43 = -3*o - 5*b. What is the greatest common factor of o and 105?
21
Suppose -4*r + 13 + 19 = 3*l, 0 = 2*l - 4*r - 48. Calculate the highest common factor of l and 144.
16
Suppose 0 = -4*f - 8. Let p = f - -4. Let y be ((-9)/p)/((-5)/60). Calculate the highest common divisor of 6 and y.
6
Suppose a - 20 = -4*a. Calculate the highest common divisor of a and 6.
2
Let n(o) be the third derivative of o**6/120 - o**5/60 - o**4/24 + 11*o**3/2 - o**2. Let m be n(0). Calculate the greatest common divisor of 22 and m.
11
Let u be (1296/(-56))/(6/(-28)). Suppose 6*c - 60 = c. What is the greatest common factor of u and c?
12
Let u be (210/(-49))/(2/(-14)). What is the highest common divisor of 20 and u?
10
Suppose -2 + 17 = b. Let j = -1 + 3. Suppose 4*q - 2*f = j*q, -3*f = 4*q - 21. Calculate the greatest common factor of q and b.
3
Let x be -1 + -1 + 0 + -1. Let s be -2*(9*x + 2). Suppose 0 = 4*j - 3*j - 10. What is the highest common factor of j and s?
10
Let q(p) be the second derivative of -p**5/20 + p**4/2 - p**3/3 - p**2/2 - 8*p. Let g be q(4). Calculate the highest common divisor of 23 and g.
23
Let s(b) = b**2 + 7*b + 9. Let f be s(-7). Let i = f + -8. Calculate the highest common factor of 4 and i.
1
Let m be -1*(-3 + 0)/(-3). Let z(i) = -34*i**3 - i**2 + i + 1. Let x be z(m). Calculate the highest common divisor of x and 3.
3
Let l = -58 - -62. Calculate the greatest common factor of l and 20.
4
Let v(h) = h**2 - 3*h. Let o(n) = 3*n**2 - 2*n + 1. Let q be o(1). Let k = 4 + q. Let g be v(k). Calculate the greatest common factor of 9 and g.
9
Let o be 10/(-25) - 2/(-5). Suppose -8*y + 5*y = o. Let i be 80 + -2 + y - -2. Calculate the highest common factor of i and 32.
16
Let t be (15/(-4))/((-6)/224). Let q(m) = -m**2 + 6*m + 10. Let r be q(7). Suppose 0 = r*h + 12 - 72. Calculate the highest common divisor of h and t.
20
Suppose -1 = 6*g - 7. What is the highest common factor of 8 and g?
1
Let g(p) = -2*p. Let n be g(-7). Suppose 2*o = 5*o - 273. Let x = o - 35. Calculate the greatest common divisor of x and n.
14
Suppose -5*y - 2*a + 29 = 0, -a = 2*y + 2*a - 16. Let h be (-38)/(-8) - y/(-20). Let p = -11 - -26. What is the greatest common factor of h and p?
5
Suppose -4*s + 1 = -15. Calculate the greatest common divisor of 2 and s.
2
Let w = 99 - -209. Let x be 2 - (-2*3 - -4). Suppose -4*f - w = -4*s, -s - 3*f = x*s - 385. Calculate the highest common factor of 11 and s.
11
Let g be (-1 + 64)*16/48. Calculate the highest common factor of 7 and g.
7
Suppose -3*x - 2*x = 4*d - 10, 2*x = 3*d + 27. Let k be ((0 - -2) + -56)*-1. Calculate the greatest common divisor of x and k.
6
Suppose -18 = 2*n + n. Let x be (1 + n)*(-3)/5. Suppose 2*k - 2*d = 54, 4 + 11 = -x*d. Calculate the highest common divisor of k and 55.
11
Let g be (2/3)/(32/432). Calculate the greatest common divisor of 9 and g.
9
Let f(a) = 18*a**2 - 2*a + 1. Let i be f(1). Suppose 2*z - 20 = 3*n, -3*z - 3*n = -n - i. Calculate the highest common divisor of 77 and z.
7
Suppose -t + 0 + 6 = 0. Let m(l) = 2*l**2 - 3*l. Suppose d + 5*y - 3 = 13, -10 = -d - 2*y. Let j be m(d). What is the highest common divisor of t and j?
6
Suppose -2*a + 3*m = -2*m + 3, 4 = -a + 5*m. Let w be a + -10*3/(-3). Calculate the greatest common factor of 55 and w.
11
Let p(z) = 2*z**2 + 13*z - 15. Let h be p(-8). Calculate the greatest common factor of 9 and h.
9
Let q be 2/(-5) - (-3)/(-5). Let j be (-2 - 3)/(q/3). What is the highest common factor of 10 and j?
5
Let r(o) = 18*o**2 - 65*o + 75*o**2 + 66*o + 62*o**2. Let a be r(-1). Calculate the greatest common divisor of 22 and a.
22
Let g = -3 - -3. Suppose -21*r + 17*r + 216 = g. What is the highest common divisor of 6 and r?
6
Let w be 84/10 + 4/(-10). Let i(v) = -30*v - 2. Let c be i(-3). Calculate the greatest common factor of c and w.
8
Let c be 2/(-2*(-1)/1). Suppose 13 - c = 3*s. What is the highest common divisor of 4 and s?
4
Let o(t) = t**3 - 6*t**2 + 11*t + 10. Let b be o(5). Let z(j) = j**2 + j + 2. Let f be z(2). What is the highest common divisor of f and b?
8
Let a(i) = -5*i - 2. Let w be a(-7). Let v = -22 + w. What is the greatest common divisor of 33 and v?
11
Let d be -4*3/(-12) + -5 + 49. What is the highest common factor of d and 15?
15
Let a = 28 - 4. What is the greatest common factor of a and 36?
12
Suppose -5*f + 1415 = 5*l, -l = -0*l + 5*f - 295. Suppose 3*n - l = -2*n. Let g = -16 - -24. What is the greatest common factor of g and n?
8
Let t = 22 - -9. Calculate the highest common factor of t and 341.
31
Let g be (-18)/(-30) - (-107)/5. What is the highest common factor of g and 154?
22
Let u(y) = -13*y - 3. Let c be u(-7). What is the highest common divisor of 11 and c?
11
Let v be (-6)/15*(-30 - 0). Calculate the highest common divisor of v and 48.
12
Suppose -24 = -4*n - 0. Let t be 2/(-10) - 4/(-20). Let r = t + n. What is the highest common factor of 30 and r?
6
Let x(w) = -7*w**3 + w**2 + 1. Let u be x(-2). Suppose 3*v = u + 44. Suppose -5*c - h = h - 43, -4*c + 44 = 4*h. What is the highest common divisor of v and c?
7
Suppose -4*r - 5*s + 2*s + 180 = 0, 0 = -3*r + 4*s + 110. Let m be r - 0/((-6)/2). What is the highest common divisor of 14 and m?
14
Suppose -4*x + 5*k = 11 + 1, 0 = 2*x + 2*k - 12. Suppose 11 + 5 = x*c. What is the highest common divisor of c and 12?
4
Suppose 2*z - 20 = 5*n, -3*n - 11 = -z - 0*n. What is the greatest common divisor of 15 and z?
5
Let l be -3 + 59 + 1 - 0. What is the highest common factor of l and 19?
19
Suppose -4*p - 7 = 17. Let w(h) = h**2 + 5*h - 1. Let y be w(p). Suppose -y*o = 10 - 30. What is the greatest common factor of o and 44?
4
Let o(n) be the second derivative of -n**5/5 - n**4/4 - n**3/3 + n**2/2 + 3*n. Let q be o(-2). Calculate the highest common factor of 5 and q.
5
Let k(b) = -b**3 - 3*b**2 + 5*b - 1. Let z be k(-6). Calculate the greatest common factor of z and 11.
11
Let r be 1/3 - (-21)/(-9). Let w be 1*(r + 0 + 11). What is the highest common factor of 6 and w?
3
Let r = 5 + 0. Let c = -3 - -18. Calculate the highest common factor of c and r.
5
Let i = 3 - 6. Let d = 3 + i. Let n = d + 9. Calculate the highest common divisor of n and 81.
9
Suppose -254 - 86 = -u. Suppose 4*z + u = l, -l = 4*z - 7*z - 255. Let x = z - -125. What is the greatest commo